 9579601 a prime number?
True
Is 3413477 composite?
True
Is 16990993 prime?
True
Is 977692055 a prime number?
False
Is 967319 prime?
True
Is 5120777 prime?
False
Is 1169386 a prime number?
False
Is 89490761 a composite number?
True
Is 22051529 a composite number?
False
Is 145487953 a composite number?
True
Is 48570097 a composite number?
False
Is 137641657 a composite number?
False
Is 1334359 a composite number?
True
Is 7229549 composite?
True
Is 1837117 composite?
False
Is 3081311 a prime number?
True
Is 1675523 a prime number?
False
Is 16067341 a prime number?
True
Is 3230113 a prime number?
True
Is 418463 a composite number?
True
Is 79361543 a prime number?
True
Is 1869943 composite?
True
Is 77795341 a composite number?
True
Is 84542554 prime?
False
Is 578869 prime?
False
Is 548507 a prime number?
False
Is 38634707 composite?
True
Is 57633634 composite?
True
Is 13473029 composite?
False
Is 147659 a prime number?
False
Is 373039 a prime number?
False
Is 312563 prime?
True
Is 2217271 a prime number?
False
Is 6593351 a composite number?
False
Is 45999749 prime?
True
Is 113010551 prime?
True
Is 33846893 composite?
False
Is 619057 a composite number?
False
Is 531331 a composite number?
False
Is 16109099 a composite number?
False
Is 28877021 prime?
True
Is 12333383 prime?
False
Is 21075347 a composite number?
False
Is 227657 composite?
True
Is 4077569 composite?
True
Is 48399341 a composite number?
False
Is 63099163 composite?
True
Is 3487765 prime?
False
Is 12842149 composite?
True
Is 4591991 composite?
False
Is 23832557 composite?
True
Is 298335157 a composite number?
False
Is 94074041 a composite number?
False
Is 9445973 prime?
False
Is 6463427 prime?
False
Is 152299 a prime number?
False
Is 62585561 a prime number?
True
Is 96838913 prime?
False
Is 11267341 a prime number?
False
Is 39474961 prime?
True
Is 517817 composite?
False
Is 36708979 a composite number?
False
Is 58946671 a composite number?
True
Is 879559691 prime?
True
Is 2081537 a composite number?
False
Is 1996105 composite?
True
Is 94222 a composite number?
True
Is 7925399 a composite number?
True
Is 90721801 a prime number?
True
Is 836557 prime?
False
Is 480481429 prime?
True
Is 273817 composite?
True
Is 40206314 composite?
True
Is 14583 a composite number?
True
Is 54620669 a composite number?
False
Is 35023589 a composite number?
False
Is 6329051 composite?
True
Is 29589757 prime?
True
Is 11182673 a prime number?
False
Is 1670399 prime?
True
Is 11826029 a composite number?
False
Is 58314973 prime?
False
Is 4086611 a prime number?
True
Is 6250865 a prime number?
False
Is 14477737 a composite number?
False
Is 9780805 composite?
True
Is 3389419 a prime number?
False
Is 6055703 a prime number?
True
Is 20370059 a composite number?
False
Is 88815115 prime?
False
Is 5530003 prime?
False
Is 44953 a composite number?
False
Is 1782773 a composite number?
True
Is 40772419 a prime number?
True
Is 9343447 a composite number?
False
Is 832279 prime?
False
Is 10081583 a prime number?
True
Is 180281087 composite?
True
Is 20522419 composite?
False
Is 879685 a composite number?
True
Is 29185265 composite?
True
Is 117678287 composite?
True
Is 26501539 composite?
True
Is 62478901 prime?
True
Is 800909 composite?
False
Is 99790819 prime?
False
Is 1743701 prime?
True
Is 61285513 a prime number?
True
Is 590431 composite?
False
Is 1637413 a composite number?
True
Is 33671999 a composite number?
True
Is 46225687 a composite number?
False
Is 4062463 a composite number?
True
Is 8446481 prime?
True
Is 9771007 a prime number?
True
Is 113225605 composite?
True
Is 5773487 a composite number?
True
Is 3353411 composite?
False
Is 1864087 prime?
True
Is 6055837 composite?
True
Is 4988449 a composite number?
False
Is 3226501 a composite number?
True
Is 36079357 prime?
True
Is 54825919 a prime number?
True
Is 2311087 a prime number?
False
Is 61154261 prime?
False
Is 657161 a composite number?
True
Is 84540421 a prime number?
False
Is 15520993 prime?
True
Is 117365 prime?
False
Is 921697 prime?
False
Is 37862063 a composite number?
True
Is 829859045 a prime number?
False
Is 44685293 a prime number?
False
Is 43534511 a prime number?
True
Is 28145351 composite?
True
Is 496511 a prime number?
True
Is 416377 a composite number?
True
Is 18781699 prime?
True
Is 24522011 a prime number?
True
Is 8990545 a prime number?
False
Is 9285314 prime?
False
Is 6295733 prime?
False
Is 227791147 prime?
True
Is 17988517 a prime number?
False
Is 199657 prime?
True
Is 67439 a prime number?
False
Is 12540877 a composite number?
False
Is 19329967 a prime number?
False
Is 334124369 prime?
False
Is 64610501 prime?
True
Is 3517237 a prime number?
True
Is 75199547 a composite number?
True
Is 306447667 composite?
False
Is 34090843 prime?
False
Is 424037 a prime number?
True
Is 10636861 prime?
True
Is 153921 a composite number?
True
Is 3178961 prime?
True
Is 19939523 prime?
True
Is 2309969 a composite number?
False
Is 23074771 composite?
False
Is 11160709 composite?
True
Is 38904179 composite?
False
Is 126167101 prime?
True
Is 1101374965 prime?
False
Is 40361143 prime?
False
Is 6303919 prime?
True
Is 318291011 composite?
False
Is 4477219 a prime number?
False
Is 2051587 a prime number?
True
Is 14519263 a composite number?
True
Is 746189513 prime?
True
Is 3098037 prime?
False
Is 1240289 a composite number?
True
Is 76904255 prime?
False
Is 3739 a composite number?
False
Is 4349053 prime?
True
Is 115081419 a prime number?
False
Is 702914027 a prime number?
True
Is 9081139 composite?
True
Is 2674739 prime?
False
Is 29260717 a composite number?
True
Is 407269 composite?
True
Is 9834443 a prime number?
True
Is 5010643 composite?
True
Is 2514181279 a composite number?
False
Is 119821939 prime?
False
Is 4534751 prime?
False
Is 88435705 a composite number?
True
Is 414933 prime?
False
Is 124601837 a composite number?
False
Is 182863 prime?
False
Is 742967 composite?
False
Is 18405671 a prime number?
True
Is 759673 composite?
False
Is 735401 a prime number?
False
Is 863977 composite?
True
Is 4126247 prime?
True
Is 35780267 prime?
True
Is 166343285 a composite number?
True
Is 155050309 a composite number?
False
Is 658199297 a composite number?
True
Is 5063327 a composite number?
False
Is 20536013 composite?
False
Is 71075711 prime?
False
Is 1200967 composite?
True
Is 3397811 composite?
False
Is 10666969 composite?
True
Is 1681579 composite?
False
Is 94410509 a composite number?
False
Is 18601883 composite?
True
Is 30672841 a composite number?
False
Is 7056563 composite?
False
Is 71343109 a prime number?
False
Is 8902941 a composite number?
True
Is 7944341 a prime number?
True
Is 5760121 composite?
False
Is 232991911 a prime number?
True
Is 4219357 a prime number?
True
Is 16922407 composite?
True
Is 49255861 a composite number?
True
Is 39565133 a composite number?
True
Is 1762333 prime?
True
Is 3838097 a prime number?
True
Is 74481191 prime?
True
Is 1729987 composite?
True
Is 9128369 a composite number?
True
Is 174485363 a prime number?
False
Is 2415809 a composite number?
True
Is 85795 composite?
True
Is 625755607 a composite number?
False
Is 5299279 prime?
False
Is 81961 prime?
False
Is 673381 composite?
False
Is 27562443 prime?
False
Is 1285507 prime?
True
Is 640531 composite?
False
Is 445736069 a prime number?
True
Is 18940733 a composite number?
True
Is 4629659 a composite number?
False
Is 214102657 a prime number?
True
Is 1054505 prime?
False
Is 324421777 prime?
False
Is 7102457 a prime number?
True
Is 4559803 a prime number?
True
Is 14883419 prime?
True
Is 531547543 a prime number?
False
Is 32239397 a prime number?
False
Is 28029739 composite?
True
Is 278889217 a prime number?
True
Is 923449871 composite?
True
Is 66731429 a prime number?
False
Is 42148921 a composite number?
False
Is 5374293 prime?
False
Is 4441867 a prime number?
True
Is 97298657 a prime number?
True
Is 33700181 composite?
False
Is 9270593 a composite number?
True
Is 3284947 a composite number?
False
Is 16749311 a composite number?
False
Is 86830273 composite?
False
Is 4172417 a prime number?
True
Is 9957511 prime?
True
Is 201210441 composite?
True
Is 2477567 a prime number?
False
Is 213489407 prime?
True
Is 18401606 a composite number?
True
Is 59051 a composite number?
False
Is 15